 8 and u?
8
Suppose 3*k = -2*k + 15. Let m(i) = 24*i**3 + i**2 - 1. Let j be m(1). What is the greatest common factor of j and k?
3
Suppose -5*o - 13 = -4*y + 132, -10 = 2*o. Let n(s) = -5*s**3 + s**2. Let f be n(-1). Calculate the greatest common factor of y and f.
6
Suppose 0 = -3*p + 6*p - 9. Suppose -3*j - j = -z + 21, -p*z - 22 = 5*j. Let t(i) = -3*i - 5. Let n be t(j). What is the greatest common divisor of 10 and n?
10
Let i be 1053/108 + 6/(-8). What is the highest common divisor of i and 9?
9
Let w = -4 + 9. Suppose 5*u - w = 5. Suppose 7*y - 5*b - 260 = 2*y, u*y = 4*b + 112. What is the highest common divisor of y and 6?
6
Let y be -12*(1 - 0 - (4 + -1)). Let v = 185 + -89. What is the greatest common divisor of y and v?
24
Let j(o) = -o**2 - 7*o + 6. Let f be j(-8). Let p be ((-40)/25)/(f/5). Calculate the highest common factor of p and 12.
4
Let f = 9 + -12. Let w be (-4*18)/3*f. Calculate the greatest common factor of 8 and w.
8
Let j(b) = -2*b**2 - b - 6. Let l(w) = -w**2 - 1. Let u(q) = j(q) - 4*l(q). Let o be u(-3). Calculate the highest common divisor of 152 and o.
19
Suppose 0 = -3*a - 4*b + 68, 2*b + 0 + 54 = 4*a. Calculate the greatest common factor of 112 and a.
16
Suppose j - 1 = 3*u - 2, -u + 5*j - 23 = 0. Let z = 7 - u. What is the highest common factor of z and 5?
5
Let u = -10 + 15. Calculate the highest common factor of u and 1.
1
Let d be -3 + 6 + -57*(0 + -1). Let n be 4/6 - 68/(-6). Calculate the highest common factor of n and d.
12
Let a = 22 - 6. Let k be (-292)/(-18) - a/72. What is the highest common factor of k and 8?
8
Let f = 100 + -86. Calculate the greatest common divisor of 70 and f.
14
Let o(n) = -n - 11 + 2*n**3 + 11 + n**2. Let g be o(1). Calculate the highest common factor of 18 and g.
2
Let d(h) = h**3 + 8*h**2 - 12*h - 5. Let f be d(-8). What is the greatest common divisor of 13 and f?
13
Suppose 6*c - c - 25 = 0. Calculate the highest common divisor of c and 15.
5
Suppose -5 - 3 = -j - 2*h, 0 = j + 5*h + 4. What is the highest common divisor of 8 and j?
8
Let b = -131 - -196. Let c = b - 30. Let w = -52 + 66. Calculate the greatest common factor of c and w.
7
Suppose 0 = -3*t + 5*d + 43 + 31, -d = -t + 26. Let m = -15 + 2. Let w = t + m. What is the highest common divisor of w and 45?
15
Suppose -2*v - 2*v = -96. Let n(o) = -o**2 - 3 + 1 - 6 - 1 + 18*o. Let w be n(15). Calculate the greatest common factor of v and w.
12
Let q = 4 - 2. Suppose -q*z = -0*z. Suppose 11 = 2*l + 2*p - 245, z = 2*p - 4. What is the highest common divisor of l and 14?
14
Let z(s) = -2*s + 4. Let r be z(0). Suppose -r*c + 12 + 4 = 0. Calculate the highest common divisor of c and 8.
4
Let n = 9 + -2. Let w(i) = i + 13. Let j be w(-6). Let k = 8 - j. Calculate the highest common factor of n and k.
1
Let n = -194 + 422. Calculate the greatest common divisor of n and 12.
12
Let z be (-425)/(-15) + 2/(-6). Let p = 37 + z. Let v be (3 - 2)*23 + 3. Calculate the greatest common divisor of p and v.
13
Suppose -4*j - 5*i = -84, 0 = -2*j + 4*j - 4*i - 16. What is the highest common divisor of 144 and j?
16
Suppose 0 = 2*x + x. Let p = 7 - x. Let z be 4*((-12)/(-8) + (-171)/(-12)). Calculate the greatest common divisor of z and p.
7
Let a be (3 + (-1 - -13))*44/6. Calculate the highest common factor of a and 22.
22
Let r(u) = -35*u - 5. Let d be r(-2). Calculate the greatest common divisor of d and 26.
13
Let s be 171 - (-3 + 3*2/(-6)). What is the greatest common divisor of 25 and s?
25
Let r be 2 + -24*20/(-15). Calculate the greatest common factor of r and 51.
17
Let c(z) = -z + 6. Let y be c(6). Suppose y = -2*x + 62 - 18. Suppose -2*t = -3*t + 11. What is the greatest common factor of t and x?
11
Let v(k) = 0*k**3 - 2*k**2 - 3*k**3 - 3*k + 2 + 3*k. Let u be v(-2). What is the highest common factor of 90 and u?
18
Let i = 81 + 29. What is the greatest common divisor of i and 10?
10
Suppose 13*m - 144 = 4*m. Calculate the highest common factor of 64 and m.
16
Let g = -7 + 11. Suppose u - g*o - 16 = 6, 3*u + 14 = -4*o. Suppose s + 75 = u*v - 89, -4*s + 224 = 3*v. Calculate the greatest common divisor of 8 and v.
8
Let o(l) = -l**3 - 10*l**2 + 8*l - 11. Let m be o(-11). What is the greatest common factor of 22 and m?
22
Let a be 1*(-1)/(-2)*-4. Let o be (-330)/(-12) - 1/a. What is the greatest common factor of o and 70?
14
Let h = 13 + 2. Suppose -1 = -2*d + h. Calculate the greatest common factor of 2 and d.
2
Let m = 18 - -8. Calculate the greatest common divisor of m and 2.
2
Suppose -m + 26 = -4*s + 3, 5*m - 73 = -s. What is the highest common factor of 5 and m?
5
Let d = -25 - -51. Suppose d = 4*f + c, -2*c - 9 = -f + 2. Calculate the highest common divisor of 28 and f.
7
Let m = 38 - 13. Suppose z - 55 + 239 = 3*r, 4*r = 3*z + 252. Let n = r - m. What is the highest common divisor of 7 and n?
7
Let i be (-19)/(-4 - (-1 + -2)). Let m be (-2)/(-7) + (-2779)/(-49). What is the greatest common factor of m and i?
19
Let h be -3 - (-51 + 4 + -1). What is the highest common divisor of h and 18?
9
Let h(n) = 27*n**3 + 2*n**2 - 1. Let x be h(1). What is the greatest common divisor of 4 and x?
4
Suppose -s - g + 11 = 2*g, 3*s = -5*g + 45. Calculate the highest common factor of 50 and s.
10
Let o = 38 + -16. What is the greatest common divisor of 11 and o?
11
Let s be 2/(8/30)*8. Suppose 2 = c - 2*g, -6*c + 3*g + 9 = -4*c. What is the highest common factor of c and s?
12
Let c be ((-1490)/(-8) - -4) + (-1)/4. Calculate the highest common factor of c and 10.
10
Let g(t) = -t**3 + 17*t**2 - 41*t + 3. Let j be g(12). Suppose 6 = -4*r + 138. Calculate the highest common factor of j and r.
33
Let i = -17 - -37. Suppose i + 40 = 5*d. Let a be (15/6)/(1/d). What is the greatest common divisor of a and 5?
5
Suppose -396 = -5*o + 684. What is the highest common divisor of o and 24?
24
Let c = -89 - -122. What is the greatest common divisor of c and 33?
33
Suppose -5*w + 20 = 0, 5*m - 4*w + 366 = -1355. Let n = 185 + m. Let r be n/(-16) - (-2)/8. Calculate the highest common factor of r and 1.
1
Suppose -z + 3 = -12. Let q be -2*((-292)/8 + -1). What is the highest common factor of q and z?
15
Let y be 7 + -3*(-2 - 12/(-9)). What is the greatest common factor of y and 6?
3
Suppose 2*x - 91 = -z, 0 = 2*z + 2*x - 142 - 48. Let o(y) = -y**2 + 19*y - 9. Let u be o(18). Calculate the highest common divisor of z and u.
9
Suppose 5 + 0 = -5*u. Let t(s) = 23*s. Let d be t(u). Let h = -6 - d. What is the greatest common divisor of 187 and h?
17
Let u be (-1 + (-2)/(-4))*0. Let q(x) = 0*x + 0*x + 17 + 2*x - x. Let g be q(u). Calculate the greatest common divisor of g and 51.
17
Let i be (-15)/9*15/1. Let b be i/(-3) + 2/(-6). Suppose -88 = -12*a + 11*a. What is the highest common divisor of b and a?
8
Let k(z) = z + 11. Let w be k(0). What is the highest common factor of w and 44?
11
Let p = -11 - -22. Let j = 36 - 36. Suppose j = -o - 0*o + p. What is the greatest common divisor of 11 and o?
11
Let z = 4 + -1. Suppose 9*y - 135 = 4*y. Calculate the highest common divisor of y and z.
3
Let y(v) = -v - 1. Let o be y(2). Let b be 2/(o/(-2) - 1). Suppose 0 = -2*j + j + b. Calculate the highest common factor of 10 and j.
2
Let i be (-1)/(3/(-4))*54. Calculate the highest common factor of i and 16.
8
Let j be (-46)/(-10) + 18/(-30). What is the highest common divisor of j and 12?
4
Suppose 5*x = 41 - 1. Calculate the greatest common factor of x and 1.
1
Let x = -91 + 130. Suppose -3*o + 2*i + 8 = -31, -2*o = -5*i - 26. What is the greatest common factor of o and x?
13
Let a(q) = q**3 + q**2 - q + 114. Let z be a(0). Let c = 254 - z. What is the highest common factor of 20 and c?
20
Let m be (-1288)/(-24) - 2/3. Calculate the highest common factor of m and 265.
53
Suppose -3*n + 9 + 0 = 0. What is the highest common factor of 15 and n?
3
Let h be 6/(-9) - 701/(-3). Let i(l) = -l - 2. Let t be i(-6). Suppose -2*c + h = -a - 0*a, -t*c + a = -471. Calculate the greatest common factor of 17 and c.
17
Suppose -5*o - 160 = -2*m, -4*m - 2*o - o = -294. Let p = 18 - -3. Let r be 2/(-7) - (-636)/p. What is the highest common factor of r and m?
15
Let k(u) be the first derivative of u**2 - 2*u + 1. Let o be k(9). What is the greatest common factor of 8 and o?
8
Let a